s the greatest common factor of 2668719 and 16419?
1263
What is the greatest common factor of 4081112 and 1049716?
1436
Calculate the highest common factor of 93 and 2028671.
31
Calculate the greatest common divisor of 24 and 176684760.
24
Calculate the highest common factor of 11558305 and 1610.
115
What is the greatest common factor of 36664831 and 189?
7
What is the greatest common divisor of 323 and 11903709?
19
What is the highest common factor of 10143 and 9530073?
1449
Calculate the greatest common factor of 9278271 and 27.
9
Calculate the highest common divisor of 51304213 and 517.
47
What is the greatest common divisor of 1337339 and 3244?
811
What is the greatest common divisor of 17127 and 80685?
99
What is the highest common factor of 152742704 and 21917?
3131
Calculate the greatest common factor of 44 and 38569663.
11
Calculate the greatest common factor of 147 and 9342165.
21
What is the greatest common divisor of 223597 and 5181?
11
What is the greatest common divisor of 206778 and 709566?
858
What is the greatest common factor of 576308 and 19456?
76
Calculate the greatest common divisor of 910608 and 241958.
622
What is the greatest common factor of 2688 and 11147520?
384
What is the greatest common factor of 948729 and 30?
3
Calculate the greatest common factor of 151 and 72031379.
151
What is the greatest common factor of 1710580 and 113920?
1780
Calculate the greatest common factor of 10865 and 18491.
41
Calculate the highest common factor of 129699944 and 352.
88
What is the greatest common divisor of 58991624 and 201?
67
Calculate the greatest common factor of 388 and 341731.
97
What is the highest common factor of 673085336 and 48290?
9658
Calculate the greatest common divisor of 21840 and 61473360.
3120
Calculate the greatest common divisor of 12430710 and 5664.
354
What is the highest common divisor of 16838947 and 8759?
461
Calculate the greatest common divisor of 3047899 and 553.
79
Calculate the greatest common factor of 410 and 9090.
10
What is the highest common factor of 2101 and 3244517?
191
Calculate the greatest common factor of 241947 and 12963.
87
What is the greatest common divisor of 7435038 and 53169?
1437
What is the greatest common factor of 9 and 10356054?
3
Calculate the greatest common factor of 876845 and 320.
5
What is the highest common divisor of 14527937 and 43?
43
Calculate the highest common divisor of 6925477 and 143.
13
Calculate the highest common factor of 3979206 and 714.
42
Calculate the highest common divisor of 21811 and 109565.
17
Calculate the greatest common factor of 110759970 and 60.
30
Calculate the greatest common divisor of 384000 and 36500.
500
What is the greatest common factor of 26719430 and 1065?
355
What is the highest common factor of 154100116 and 1498?
214
Calculate the highest common divisor of 23073903 and 1053.
81
What is the greatest common factor of 9454290 and 1305?
435
What is the greatest common factor of 1273 and 468787?
19
What is the highest common divisor of 1387896 and 228?
12
Calculate the greatest common factor of 18847820 and 5738.
302
What is the greatest common divisor of 150 and 6146475?
75
What is the highest common factor of 20453 and 59279491?
181
What is the highest common divisor of 1857 and 366171307?
619
What is the highest common factor of 121120094 and 2?
2
Calculate the highest common factor of 990 and 3129660.
90
What is the greatest common divisor of 10626 and 5565126?
966
Calculate the greatest common divisor of 420 and 24113460.
420
Calculate the greatest common factor of 84757574 and 27566.
3938
What is the greatest common divisor of 39751468 and 139564?
6068
Calculate the greatest common factor of 50 and 72861925.
25
Calculate the highest common factor of 12462 and 474762.
402
Calculate the greatest common factor of 190551327 and 93.
93
Calculate the greatest common divisor of 125 and 2904675.
25
What is the highest common factor of 173808 and 652419?
639
What is the highest common divisor of 2146 and 632374?
58
Calculate the greatest common divisor of 293027 and 70449.
1021
What is the highest common factor of 44 and 362747?
11
Calculate the greatest common divisor of 5109 and 553344.
393
Calculate the highest common divisor of 5742112 and 96.
32
What is the highest common divisor of 281 and 4349877752?
281
What is the highest common factor of 18749445 and 13?
13
What is the greatest common divisor of 732333 and 399?
21
Calculate the highest common factor of 67210 and 5136395.
2585
Calculate the highest common divisor of 10 and 878635.
5
Calculate the highest common factor of 316031522 and 38.
38
What is the highest common factor of 6 and 4857778?
2
What is the highest common factor of 53110 and 320?
10
What is the highest common divisor of 720 and 141689880?
360
Calculate the highest common factor of 7 and 2699158.
7
What is the highest common factor of 168 and 66994809?
21
What is the greatest common factor of 16863506 and 244288?
7634
What is the highest common factor of 4325825 and 123025?
3325
What is the greatest common divisor of 26146 and 339966?
34
What is the greatest common factor of 59087340 and 39780?
2340
Calculate the highest common factor of 11207256 and 64.
8
What is the highest common factor of 11285401 and 103?
103
Calculate the greatest common divisor of 2406456 and 2444.
52
What is the greatest common divisor of 19987 and 16602245?
869
What is the greatest common divisor of 58580 and 290348?
116
What is the greatest common divisor of 323054190 and 59346?
8478
Calculate the highest common divisor of 115909636 and 3480.
116
What is the greatest common factor of 2593934 and 232?
58
What is the greatest common factor of 161308 and 8428?
196
Calculate the highest common divisor of 462 and 569030.
154
Calculate the greatest common factor of 6739 and 11272003.
293
What is the highest common factor of 246 and 3634314?
6
Calculate the greatest common divisor of 10501533 and 1764.
441
What is the highest common factor of 23253 and 12696?
69
What is the greatest common factor of 230 and 636134?
46
Calculate the highest common divisor of 34252737 and 12028.
3007
What is the highest common factor of 260 and 19076790?
10
Calculate the greatest common factor of 24705 and 10710990.
2745
What is the greatest common factor of 2220180 and 465?
15
What is the highest common factor of 21324 and 350688?
12
Calculate the greatest common factor of 58 and 9346.
2
Calculate the greatest common factor of 1619661 and 61491.
597
Calculate the highest common divisor of 1040 and 31666960.
1040
Calculate the highest common divisor of 1359 and 1600875.
9
What is the highest common divisor of 70866 and 72126?
18
What is the highest common divisor of 28950722 and 671?
61
Calculate the highest common factor of 6934781 and 574.
287
Calculate the highest common factor of 1246045680 and 6480.
6480
Calculate the highest common divisor of 178154 and 190834.
634
What is the highest common divisor of 39 and 4050397?
13
What is the greatest common factor of 159742 and 10802?
22
Calculate the greatest common factor of 803160 and 1886.
46
What is the greatest common divisor of 82049 and 5973?
11
Calculate the greatest common divisor of 94416255 and 734.
367
What is the greatest common divisor of 15230598 and 6130?
1226
Calculate the greatest common factor of 7180086 and 102.
102
Calculate the greatest common factor of 9876616 and 32.
8
Calculate the highest common factor of 6760986 and 24.
6
What is the greatest common divisor of 53751 and 434723?
943
Calculate the highest common divisor of 177664 and 1094091.
347
What is the highest common factor of 795 and 939810?
15
What is the highest common divisor of 19320 and 46515?
105
What is the greatest common divisor of 1874934 and 432?
54
What is the greatest common factor of 235362 and 192?
6
What is the greatest common factor of 79056 and 1964007?
81
What is the greatest common divisor of 9166728 and 67286?
3958
Calculate the highest common factor of 369172 and 184342.
122
What is the greatest common factor of 210 and 54301254?
42
Calculate the greatest common divisor of 57248253 and 982144.
7673
What is the highest common factor of 42323 and 842?
1
Calculate the highest common factor of 490 and 4260475.
